 6*i - 10*i + 8 = 0. Let y = 97 - i. Suppose -6*p + p + y = 0. What is the units digit of p?
9
Let z(l) = l**2 + 12*l + 2. Let i be z(-11). What is the units digit of (-2)/(-3) + (-759)/i?
5
Suppose y = -t + 560, 3*t = 6*t - 4*y - 1701. What is the hundreds digit of t?
5
Suppose -13*t = 21*t - 46138. What is the thousands digit of t?
1
Suppose 2061 = 5*x - 4*u, -2*u = x - 3*x + 826. What is the units digit of x?
9
Suppose 0*i - i = 38. Let v = 174 + -120. Let j = v + i. What is the tens digit of j?
1
Suppose -149*a - 3824 = -153*a. What is the tens digit of a?
5
Suppose x + 2*x + 54 = 0. Suppose 36 + 88 = 4*u. Let m = x + u. What is the tens digit of m?
1
Let a(k) = k**2 - 6*k - 56. What is the tens digit of a(-6)?
1
Suppose 0 = 4*y + 3*o - 7*o, -2 = -2*y + o. Suppose 5*a = y*n + 691 + 146, -4*n = a - 163. What is the hundreds digit of a?
1
Let f(k) = 53*k + 39. What is the units digit of f(9)?
6
Let c(b) = -3*b - 1. Let u be c(-1). Let a be ((-48)/26)/(-1) + 2/13. What is the tens digit of a + 32 - (1 - u)?
3
Suppose 0 = 7*l - 10776 + 255. What is the thousands digit of l?
1
Let h(s) = s**2 - 12*s + 24. What is the tens digit of h(34)?
7
Let b be (2 - 6)/2*1*9. What is the units digit of 1974/(-21)*(1 - b/(-4))?
9
Let f = -1050 + 718. Let a be f/(-36) - (-4)/(-18). What is the units digit of a/6*-2 - -6?
3
Suppose 342 = -2*h + 1132. What is the units digit of h?
5
Let o be (10/5 - 4)*-6. Suppose 2*v - 928 = -2*v - 4*r, 0 = -3*r + o. What is the tens digit of v?
2
Let n(u) be the first derivative of u**3/3 - 11*u**2/2 + 8*u + 3. What is the units digit of n(14)?
0
Suppose 12*f - 11*f - 8 = 0. What is the tens digit of (-91)/(-1) - f/(-4)?
9
Let k(i) = -18*i - 24. What is the tens digit of k(-12)?
9
Let d = 592 + 229. What is the hundreds digit of d?
8
Suppose 5*n + 14*y = 16*y + 2064, 5*y = -n + 429. What is the hundreds digit of n?
4
What is the units digit of (6 + -20)/(-2) - -89?
6
Suppose r - 6*r - 415 = -p, 2*p - 5*r = 815. What is the hundreds digit of p?
4
Suppose 8 = -4*u, -v - u - 16 = -0*u. Let s = v + 9. Let h = 7 + s. What is the units digit of h?
2
Suppose 2*j + 5*o = 150, 4*j - 2*j - 5*o - 190 = 0. Suppose -51 = -2*h + j. What is the tens digit of h?
6
Let w = 1022 + -678. What is the units digit of w?
4
Let h(b) = -b + 38. Let d be h(-7). Let c = d + -22. What is the tens digit of c?
2
Let q = -5 - -7. Suppose -19*a = -14*a - 60. Suppose -3*j + 23 = -4*c, 2*j = 4*j - q*c - a. What is the units digit of j?
1
Let o(t) = 18*t**2 - 3*t - 19. Let p(n) = 13*n**2 - 2*n - 13. Let m(c) = -5*o(c) + 7*p(c). Suppose 5*y + 19 = 44. What is the tens digit of m(y)?
3
Let o(q) = 2*q**2 + 2*q - 2. Let j be o(-2). Let z be j - 4 - (-4 - 1). Suppose z*s - 2*s - 49 = 0. What is the tens digit of s?
4
Suppose 4*l - 3*g - 5 = 16, g = 1. Suppose -1019 = -5*r + 3*p, -r = l*p - p - 187. What is the tens digit of r?
0
Suppose 3*n - 1 = 11. Suppose 0*m - n*m = -280. Suppose 3*o - 2*r = -r + m, 5*o + 2*r = 135. What is the units digit of o?
5
Suppose 13*s - 285 - 4941 = 0. Suppose -5*a = 4*p - 233 - s, 0 = -2*a + p + 267. What is the tens digit of a?
3
Let h(n) = 12*n - 6. Let d be h(14). Suppose a + d = 3*a. What is the units digit of a?
1
Let v(q) = -2*q + 1 - 4*q**2 + 4*q - q. Let y be v(2). Let f = y - -23. What is the units digit of f?
0
Suppose -2*p + 34 = 2*v - 74, -5*p - 4*v = -272. Let c be ((-9)/6)/((-1)/2). Suppose 2*y - c*d = 48, 4*y - d - 142 = -p. What is the units digit of y?
1
Let m = 29 + -4. Let k = m + -23. Suppose -2*d - 74 - 20 = -4*l, -k*d + 95 = 5*l. What is the units digit of l?
1
Let s(g) be the third derivative of g**6/120 + 2*g**5/15 - g**4/3 + 11*g**3/6 + 2*g**2. Let b be s(-9). Suppose 15 = 3*y + b*y. What is the units digit of y?
3
Let b be (-2274)/(-10) + (-56)/140. Let f = 438 - b. What is the tens digit of f?
1
Suppose -9*h + 2*h - 301 = 0. What is the tens digit of -3*(-4)/12 - h?
4
Let s = 1789 + -1025. What is the units digit of s?
4
Let d = 992 + -564. What is the hundreds digit of d?
4
Suppose -q + 5*d = 15, 0 = 3*q - 4*q + 4*d - 11. Suppose -q*v - 3*v = -216. What is the units digit of v?
7
Suppose -2*x - 7*d + 2*d + 10 = 0, x + 2*d = 7. Suppose -5*u - 55 = 5*p, -p + u + 47 = -6*p. Let a = x + p. What is the units digit of a?
6
Suppose 0 = -5*t + 2263 - 853. What is the tens digit of t?
8
Suppose 4*h - 3*h + 4*s = 22, -5*h + 46 = 4*s. Suppose h*d - 7*d = -76. What is the units digit of d?
6
Suppose -2*z - 3*l = -3066, -5*l = 2*z - 2532 - 530. Suppose 6*q - 18*q + z = 0. What is the tens digit of q?
2
Suppose 2*h - 3 = 7. Suppose 16 = 4*y - 4*o, -2*o = 2*y - h*o - 8. What is the tens digit of (-1 + y/8)*-58?
2
Let w(k) = -k**3 + 7*k**2 + 7*k + 11. Let c be (-1)/7 + 114/14. Let p be w(c). What is the tens digit of p/(-1 + (-62)/(-56))?
2
Suppose 361 = 4*w - 87. Let z = w + -1. What is the tens digit of z?
1
Let d(n) = -n + 8. Let z be d(6). Let o = 16 + 28. Suppose -z*k = -o + 14. What is the tens digit of k?
1
Suppose -19*n + 21*n + 90 = 0. What is the hundreds digit of (n/(-27))/(2/120)?
1
Suppose -19*a - 9*a + 24752 = 0. What is the tens digit of a?
8
Let g = 669 + 159. What is the units digit of g?
8
Suppose -6*l = -13937 - 3841. What is the hundreds digit of l?
9
Let p = -428 + 648. Let r = p + -118. What is the tens digit of r?
0
Let j be 33/44 - (-1)/4. Suppose n + j = 23. What is the tens digit of n?
2
Let a be ((-1)/(-1) + 0)*-10. Let l(f) = -f**3 + 7*f**2 + f - 23. Let i be l(6). Let n = i + a. What is the units digit of n?
9
Let u = 38 - 25. Let b(n) = 4*n - 27. What is the units digit of b(u)?
5
Suppose 0 = 3*u - 4*u + 27. What is the units digit of ((-58)/(-6))/(9/u)?
9
Let y(v) = 10*v**2 + 6*v - 2. Let n(j) = 5*j**2 + 3*j - 1. Let f(z) = -5*n(z) + 2*y(z). Let o be f(2). What is the units digit of (90/o)/((-6)/20)?
2
Suppose 0 = 6*w - 585 - 3831. What is the hundreds digit of w?
7
Let d(v) = 5*v**2 + v - 5. Let q(p) = -2*p**2 + p + 1. Let k(y) = -d(y) - 3*q(y). Let x = -11 - -16. What is the units digit of k(x)?
7
Let n(q) = 31*q**2 + 6*q - 31. What is the tens digit of n(4)?
8
Let i = -332 - -1568. What is the hundreds digit of i?
2
Let o = 2262 - 1310. What is the units digit of o?
2
Suppose 8151 + 4078 = 7*c. What is the thousands digit of c?
1
Suppose 2*u = -0*t + t - 12, -3*t + 1 = u. Suppose 60 = 5*h - k, k + 36 = 3*h + t*k. What is the tens digit of h?
1
Let r = 1615 + -1134. What is the hundreds digit of r?
4
Let s(y) = -2 - 2 - 3*y**2 + 3*y**2 - y**2 - 8*y. What is the units digit of s(-7)?
3
Suppose 4*a - m - 5330 - 6147 = 0, 3*m = a - 2872. What is the units digit of a?
9
Suppose 0 = 5*t + 4*c - 5, c - 3 = -3*t - 0. Let g(k) = 28*k**2 - k. Let f be g(t). Let o = f + -21. What is the units digit of o?
6
Let b be 2/(24/(-292))*18/(-1). Suppose 13*w - b = 7*w. What is the tens digit of w?
7
Let q = -11 - -14. Let y be 14*((-81)/(-21) + q). Suppose 8*p = 4*p + y. What is the units digit of p?
4
Suppose m = 10*m. Suppose m*r + 201 = 2*r - 3*a, -r + 113 = a. What is the units digit of r?
8
Suppose -2*k - 32 = -6*k. Suppose -k*v + 70 = -178. What is the tens digit of v?
3
What is the units digit of (-4)/(-6) + (-4179)/(-9)?
5
Suppose 0 = -110*n + 117*n - 3556. What is the tens digit of n?
0
Let w = -231 - -915. What is the tens digit of w?
8
Let g(o) = 3*o**2 - 30*o + 12. Let u be g(10). What is the hundreds digit of (-746)/(-4) - (-6)/u?
1
Let r(o) = -4*o + 1. Let k(f) = f - 4. Let v be k(8). Suppose 18 = -v*n + n. What is the tens digit of r(n)?
2
Let x be -1 + 15/(-9) + (-2)/(-3). Let k = 16 + x. What is the units digit of k?
4
Let q = -350 - -813. What is the units digit of q?
3
Let j = 5 - 1. Let u be (-2)/j + (-129)/6. Let p = u - -28. What is the units digit of p?
6
Let p(i) = 59*i**3 - i - 2*i + 118*i**3 + 2. Let l be p(1). Suppose 4*w = 4*z + l, -z + 190 = 4*w + 2*z. What is the tens digit of w?
4
What is the thousands digit of (-6734)/(-3) - (-356)/267?
2
Let n(c) = -c**3 + 19*c**2 + 24*c + 41. Let q be n(20). Let z = -41 + q. What is the units digit of z?
0
Let q(a) = -a**3 + 10*a**2 - 7*a - 11. Let d be q(10). Let c = 40 - d. What is the units digit of c?
1
Suppose -9*y = 30 + 6. Let w(a) = 8*a**2 - a - 12. What is the hundreds digit of w(y)?
1
Suppose 0 = 29*c - 28*c. What is the tens 